e 79477?
False
Is 39017 a multiple of 118?
False
Is 3028977 a multiple of 263?
False
Does 21 divide 4388664?
True
Is 6581 a multiple of 43?
False
Is 2088 a multiple of 73?
False
Is 4216905 a multiple of 178?
False
Is 24 a factor of 3441005?
False
Does 67 divide 269422?
False
Is 3 a factor of 39569?
False
Does 40 divide 26800?
True
Is 10 a factor of 59701?
False
Does 21 divide 13218635?
False
Does 51 divide 1120033?
False
Is 824576 a multiple of 128?
True
Does 15 divide 673635?
True
Is 39572 a multiple of 9?
False
Is 19 a factor of 4411714?
False
Is 16 a factor of 500041?
False
Is 3853338 a multiple of 73?
False
Is 72 a factor of 7375?
False
Is 12907994 a multiple of 22?
True
Is 62816 a multiple of 52?
True
Is 17331015 a multiple of 1209?
True
Is 64 a factor of 754054?
False
Does 7 divide 261359?
True
Is 36267 a multiple of 11?
True
Does 11 divide 1874675?
True
Is 147 a factor of 27093?
False
Is 48423 a multiple of 175?
False
Is 15 a factor of 3691174?
False
Is 542640 a multiple of 285?
True
Is 27 a factor of 1728675?
True
Is 15017862 a multiple of 1826?
False
Is 63 a factor of 152019?
True
Is 11 a factor of 3218050?
True
Is 12 a factor of 40470?
False
Is 31 a factor of 66994?
False
Is 440 a factor of 539650?
False
Is 224 a factor of 1643712?
True
Does 41 divide 2777522?
False
Is 10 a factor of 87310?
True
Does 13 divide 12097319?
True
Is 180 a factor of 156420?
True
Does 22 divide 211678?
False
Does 17 divide 1496816?
True
Is 100165 a multiple of 5?
True
Does 140 divide 15370600?
True
Is 796547 a multiple of 480?
False
Does 565 divide 317530?
True
Is 1174005 a multiple of 35?
True
Is 8590319 a multiple of 133?
False
Is 3 a factor of 4221363?
True
Is 7895521 a multiple of 8?
False
Does 172 divide 1730428?
False
Does 101 divide 48355?
False
Is 98 a factor of 3831898?
True
Does 60 divide 655113?
False
Is 215059 a multiple of 64?
False
Is 63108 a multiple of 6?
True
Is 7963206 a multiple of 1195?
False
Is 91 a factor of 1430156?
True
Is 7979911 a multiple of 75?
False
Does 7 divide 43155?
True
Is 2813338 a multiple of 3?
False
Is 2566941 a multiple of 121?
False
Does 28 divide 6721176?
True
Is 20 a factor of 261720?
True
Is 49 a factor of 1303775?
False
Does 20 divide 1188462?
False
Does 28 divide 24444?
True
Is 728 a factor of 23026640?
True
Is 10050494 a multiple of 180?
False
Is 2 a factor of 18124?
True
Is 2908464 a multiple of 12?
True
Is 15 a factor of 204383?
False
Is 364 a factor of 291924?
False
Does 301 divide 10394960?
False
Is 291305 a multiple of 49?
True
Does 328 divide 4948758?
False
Is 99 a factor of 4684185?
True
Is 105 a factor of 191835?
True
Does 1085 divide 5305650?
True
Does 6 divide 558724?
False
Is 333064 a multiple of 124?
True
Is 11 a factor of 6140816?
True
Does 40 divide 1082240?
True
Is 17810 a multiple of 3?
False
Is 597 a factor of 359394?
True
Does 223 divide 102134?
True
Is 72598 even?
True
Is 64 a factor of 2108288?
True
Is 192 a factor of 8656198?
False
Is 809467 a multiple of 78?
False
Is 121 a factor of 176539?
True
Is 26 a factor of 173186?
True
Is 9 a factor of 98523?
True
Is 1336724 a multiple of 3?
False
Is 162 a factor of 1124766?
True
Is 11 a factor of 1269464?
False
Is 2241246 a multiple of 257?
False
Is 12361296 a multiple of 1316?
False
Is 239093 a multiple of 17?
False
Does 99 divide 35352?
False
Is 103982 even?
True
Does 81 divide 23716476?
True
Is 104 a factor of 819110?
False
Does 62 divide 215097?
False
Is 1384 a factor of 3156904?
True
Does 16 divide 1932179?
False
Does 8 divide 105866?
False
Is 212 a factor of 275600?
True
Does 271 divide 93192?
False
Does 1822 divide 20455594?
True
Is 118 a factor of 1077410?
False
Is 162 a factor of 80676?
True
Is 527535 a multiple of 19?
True
Is 15 a factor of 60810?
True
Is 68 a factor of 562836?
True
Does 51 divide 1558024?
False
Is 2002432 a multiple of 209?
False
Is 443664 a multiple of 78?
True
Is 2009108 a multiple of 685?
False
Is 3906 a multiple of 14?
True
Is 2914100 a multiple of 242?
False
Is 655 a factor of 12390429?
False
Is 21 a factor of 1865440?
False
Is 32700 a multiple of 25?
True
Does 501 divide 2285652?
False
Is 64 a factor of 625704?
False
Is 13189375 a multiple of 25?
True
Is 1711 a factor of 7345323?
True
Is 11 a factor of 680054?
False
Is 611 a factor of 3708159?
True
Is 17 a factor of 235828?
False
Is 19 a factor of 512981?
True
Is 1159180 a multiple of 11?
True
Is 204378 a multiple of 69?
True
Is 11 a factor of 1595355?
False
Does 5 divide 18523?
False
Does 613 divide 8908261?
False
Is 230799 a multiple of 9?
False
Is 7 a factor of 41535?
False
Is 217 a factor of 5245107?
True
Does 14 divide 11250680?
True
Is 923815 a multiple of 365?
True
Does 17 divide 2974456?
True
Is 2917512 a multiple of 234?
True
Is 863733 a multiple of 13?
True
Is 91091 a multiple of 169?
True
Is 7520877 a multiple of 294?
False
Is 120894 a multiple of 172?
False
Does 55 divide 248295?
False
Is 49571 a multiple of 67?
False
Does 1091 divide 1236103?
True
Is 44 a factor of 2467232?
False
Does 106 divide 13857874?
False
Is 132 a factor of 18216?
True
Is 484 a factor of 9644?
False
Is 23 a factor of 192565?
False
Is 49 a factor of 263791?
False
Is 24768 a multiple of 192?
True
Does 11 divide 382800?
True
Does 102 divide 479473?
False
Is 6 a factor of 46502?
False
Does 18 divide 1692?
True
Is 140853 a multiple of 29?
True
Is 10 a factor of 135012?
False
Is 65 a factor of 5828637?
False
Is 12 a factor of 2796?
True
Is 122 a factor of 7010805?
False
Does 9 divide 797825?
False
Does 11 divide 8448?
True
Is 2560160 a multiple of 160?
True
Is 14 a factor of 714336?
True
Does 110 divide 59363?
False
Is 463909 a multiple of 53?
True
Does 134 divide 274432?
True
Does 87 divide 145377?
True
Is 7137708 a multiple of 59?
False
Is 682 a factor of 63426?
True
Does 68 divide 2866552?
False
Does 50 divide 105254?
False
Is 31 a factor of 6573550?
True
Is 77620 a multiple of 20?
True
Is 996 a factor of 7353311?
False
Is 1948780 a multiple of 36?
False
Does 6 divide 479160?
True
Does 69 divide 5012?
False
Is 2242541 a multiple of 29?
True
Is 71 a factor of 4841473?
False
Does 47 divide 914808?
True
Does 536 divide 541896?
True
Is 81 a factor of 1658876?
False
Is 22 a factor of 805794?
True
Is 23 a factor of 236302?
True
Is 1571688 a multiple of 332?
True
Is 207195 a multiple of 15?
True
Is 17 a factor of 1354765?
False
Is 13413160 a multiple of 20?
True
Is 161314 a multiple of 14?
False
Is 237039 a multiple of 11?
True
Is 683836 a multiple of 410?
False
Is 104281 a multiple of 13?
False
Is 989218 a multiple of 19?
False
Is 759579 a multiple of 423?
False
Does 53 divide 200902?
False
Is 357 a factor of 56049?
True
Does 336 divide 2400048?
True
Does 234 divide 507780?
True
Does 99 divide 275660?
False
Does 546 divide 24839724?
True
Is 103365 a multiple of 15?
True
Is 104 a factor of 311825?
False
Is 5 a factor of 792070?
True
Does 885 divide 906959?
False
Does 9 divide 2382822?
True
Does 226 divide 3807196?
True
Is 3119512 a multiple of 22?
True
Is 1705000 a multiple of 110?
True
Is 295332 a multiple of 12?
True
Is 9 a factor of 65439?
True
Does 35 divide 26740?
True
Is 17 a factor of 637999?
False
Is 13 a factor of 65058?
False
Is 2575541 a multiple of 885?
False
Is 2496528 a multiple of 81?
False
Is 2 a factor of 19153?
False
Is 2895527 a multiple of 93?
False
Is 133 a factor of 6568357?
False
Is 171380 a multiple of 209?
True
Is 59 a factor of 3659592?
False
Does 9 divide 5876305?
False
Is 41 a factor of 2059430?
True
Is 7 a factor of 8204?
True
Is 1377424 a multiple of 66?
False
Does 4 divide 5857?
False
Does 215 divide 58695?
True
Does 19 divide 161405?
True
Does 8 divide 810024?
True
Does 417 divide 1080178?
False
Is 150 a factor of 45615?
False
Is 42 a factor of 39774?
True
Is 45 a factor of 105011?
False
Does 730 divide 11168270?
True
Is 163392 a multiple of 184?
True
Is 781589 a multiple of 4?
False
Does 25 divide 155525?
True
Is 396 a multiple of 16?
False
Does 291 divide 633507?
True
Is 381799 a multiple of 569?
True
Is 4375186 a multiple of 958?
True
Does 7 divide 3959970?
True
Is 2108484 a multiple of 14?
True
Is 14308658 a multiple of 406?
True
Does 419 divide 20383698?
False
Is 68409 a multiple of 9?
True
Is 88 a factor of 365096?
False
Is 43 a factor of 349676?
T